{"id":416,"date":"2023-04-01T12:00:14","date_gmt":"2023-04-01T10:00:14","guid":{"rendered":"https:\/\/192.168.1.141\/wordpress\/?page_id=416"},"modified":"2023-04-15T17:51:51","modified_gmt":"2023-04-15T15:51:51","slug":"equipements-sportifs-et-aires-de-jeux","status":"publish","type":"page","link":"https:\/\/cde-cf.fr\/?page_id=416","title":{"rendered":"V\u00e9rification des \u00e9quipements sportifs et des aires de jeux"},"content":{"rendered":"\n<div style=\"height:500px\" aria-hidden=\"true\" class=\"wp-block-spacer\"><\/div>\n\n\n\n<h1 class=\"wp-block-heading has-vivid-cyan-blue-color has-text-color\">V\u00e9rification des \u00e9quipements sportifs<\/h1>\n\n\n\n<div class=\"wp-block-columns is-layout-flex wp-container-3\">\n<div class=\"wp-block-column is-vertically-aligned-center is-layout-flow\" style=\"flex-basis:66.66%\">\n<p>La p\u00e9riodicit\u00e9 de v\u00e9rification des \u00e9quipements sportifs suivant les dispositions de la norme NF S52-409 de f\u00e9vrier 2009  va de 6 mois \u00e0 2 ans selon le type de contr\u00f4le \u00e0 effectuer :<\/p>\n\n\n\n<ul>\n<li>Tous les 6 mois, un contr\u00f4le op\u00e9rationnel (visuel) ;<\/li>\n\n\n\n<li>Tous les 24 mois, un contr\u00f4le principal (avec essais statiques en charge) ;<\/li>\n\n\n\n<li>Cette p\u00e9riodicit\u00e9 doit \u00eatre de 12 mois en cas d&rsquo;usage r\u00e9gulier ou intensif.<\/li>\n<\/ul>\n<\/div>\n\n\n\n<div class=\"wp-block-column is-vertically-aligned-center is-layout-flow\" style=\"flex-basis:33.33%\"><div class=\"wp-block-image\">\n<figure class=\"alignright size-medium\"><img decoding=\"async\" loading=\"lazy\" width=\"300\" height=\"300\" src=\"https:\/\/cde-cf.fr\/wp-content\/uploads\/2023\/04\/shutterstock_1047637615-300x300.jpg\" alt=\"V\u00e9rification Panier de basket\" class=\"wp-image-713\" srcset=\"https:\/\/cde-cf.fr\/wp-content\/uploads\/2023\/04\/shutterstock_1047637615-300x300.jpg 300w, https:\/\/cde-cf.fr\/wp-content\/uploads\/2023\/04\/shutterstock_1047637615-1024x1024.jpg 1024w, https:\/\/cde-cf.fr\/wp-content\/uploads\/2023\/04\/shutterstock_1047637615-150x150.jpg 150w, https:\/\/cde-cf.fr\/wp-content\/uploads\/2023\/04\/shutterstock_1047637615-768x768.jpg 768w, https:\/\/cde-cf.fr\/wp-content\/uploads\/2023\/04\/shutterstock_1047637615-1536x1536.jpg 1536w, https:\/\/cde-cf.fr\/wp-content\/uploads\/2023\/04\/shutterstock_1047637615-2048x2048.jpg 2048w\" sizes=\"(max-width: 300px) 100vw, 300px\" \/><\/figure><\/div><\/div>\n<\/div>\n\n\n\n<div style=\"height:50px\" aria-hidden=\"true\" class=\"wp-block-spacer\"><\/div>\n\n\n\n<p><strong>Les essais statiques (320 kg, 180 kg et 110 kg) ont pour objet d\u2019\u00e9prouver la solidit\u00e9 et la stabilit\u00e9 des \u00e9quipements.<\/strong><\/p>\n\n\n\n<div style=\"height:50px\" aria-hidden=\"true\" class=\"wp-block-spacer\"><\/div>\n\n\n\n<div class=\"wp-block-columns is-layout-flex wp-container-6\">\n<div class=\"wp-block-column is-vertically-aligned-center is-layout-flow\" style=\"flex-basis:33.33%\">\n<figure class=\"wp-block-image size-medium\"><img decoding=\"async\" loading=\"lazy\" width=\"300\" height=\"300\" src=\"https:\/\/cde-cf.fr\/wp-content\/uploads\/2023\/04\/363484022-huge-300x300.jpg\" alt=\"V\u00e9rification but de foot\" class=\"wp-image-715\" srcset=\"https:\/\/cde-cf.fr\/wp-content\/uploads\/2023\/04\/363484022-huge-300x300.jpg 300w, https:\/\/cde-cf.fr\/wp-content\/uploads\/2023\/04\/363484022-huge-1024x1024.jpg 1024w, https:\/\/cde-cf.fr\/wp-content\/uploads\/2023\/04\/363484022-huge-150x150.jpg 150w, https:\/\/cde-cf.fr\/wp-content\/uploads\/2023\/04\/363484022-huge-768x768.jpg 768w, https:\/\/cde-cf.fr\/wp-content\/uploads\/2023\/04\/363484022-huge-1536x1536.jpg 1536w, https:\/\/cde-cf.fr\/wp-content\/uploads\/2023\/04\/363484022-huge-2048x2048.jpg 2048w\" sizes=\"(max-width: 300px) 100vw, 300px\" \/><\/figure>\n<\/div>\n\n\n\n<div class=\"wp-block-column is-vertically-aligned-center is-layout-flow\" style=\"flex-basis:66.66%\">\n<p>Les articles du code du sport fixent les exigences essentielles auxquelles doivent r\u00e9pondre les \u00e9quipements sportifs et concernent :<\/p>\n\n\n\n<ul>\n<li>Les cages de but de football ;<\/li>\n\n\n\n<li>Les cages de handball ;<\/li>\n\n\n\n<li>Les cages de hockey sur gazon et en salle ;<\/li>\n\n\n\n<li>Les paniers de basket-ball.<\/li>\n<\/ul>\n<\/div>\n<\/div>\n\n\n\n<div style=\"height:100px\" aria-hidden=\"true\" class=\"wp-block-spacer\"><\/div>\n\n\n\n<p>Les principales dispositions du texte consistent en l\u2019obligation pour les propri\u00e9taires, de v\u00e9rifier tous les \u00e9quipements d\u00e9j\u00e0 install\u00e9s (quelle que soit leur destination, leur lieu d\u2019implantation ou leur mode d\u2019installation) et d\u2019assurer un entretien r\u00e9gulier des \u00e9quipements mis \u00e0 la disposition du public.<\/p>\n\n\n\n<div class=\"wp-block-columns is-layout-flex wp-container-8\">\n<div class=\"wp-block-column is-layout-flow\">\n<blockquote class=\"wp-block-quote\">\n<p class=\"has-small-font-size\">Texte applicable :<br>Alin\u00e9a 3 de l\u2019article R.322-19 \u00e0 R.322-26 du code du sport modifi\u00e9 par D\u00e9cret n\u00b0 2016 \u2013 481 du 18 avril 2016 article.<br>Norme Fran\u00e7aise NFS 52-409 : f\u00e9vrier 2009 \u2013 \u00abEquipements sportifs, modalit\u00e9s de contr\u00f4le des buts sur site \u00bb en application de l\u2019article R-322-25 du code du sport.<\/p>\n<\/blockquote>\n<\/div>\n<\/div>\n\n\n\n<div style=\"height:100px\" aria-hidden=\"true\" class=\"wp-block-spacer\"><\/div>\n\n\n\n<h2 class=\"wp-block-heading has-vivid-cyan-blue-color has-text-color has-large-font-size\">V\u00e9rification des aires de jeux<\/h2>\n\n\n\n<div class=\"wp-block-columns is-layout-flex wp-container-14\">\n<div class=\"wp-block-column is-layout-flow\" style=\"flex-basis:66.66%\">\n<p>Un terrain ou une aire de jeux est un espace regroupant un ou plusieurs jeux pour enfants comme des toboggans, tourniquets, tape-culs et des balan\u00e7oires, g\u00e9n\u00e9ralement situ\u00e9s au sein de jardins publics, \u00e9coles, cr\u00e8ches, etc.<\/p>\n\n\n\n<p>La r\u00e9glementation ne d\u00e9finit pas de p\u00e9riodicit\u00e9 pour les v\u00e9rifications en exploitation. Elle laisse le propri\u00e9taire des aires de jeux, d\u00e9finir la p\u00e9riodicit\u00e9 n\u00e9cessaire pour le maintien en s\u00e9curit\u00e9 et en bon \u00e9tat des \u00e9quipements.<\/p>\n\n\n\n<p><strong>CDE recommande une v\u00e9rification annuelle<\/strong><\/p>\n\n\n\n<div class=\"wp-block-columns is-layout-flex wp-container-11\">\n<div class=\"wp-block-column is-layout-flow\"><\/div>\n\n\n\n<div class=\"wp-block-column is-layout-flow\">\n<blockquote class=\"wp-block-quote\">\n<p class=\"has-small-font-size\">Texte applicable :<br>D\u00e9cret n\u00b0 96-1136 du 18 d\u00e9cembre 1996, sauf les dispositions relatives \u00e0 la documentation.<\/p>\n<\/blockquote>\n<\/div>\n<\/div>\n<\/div>\n\n\n\n<div class=\"wp-block-column is-vertically-aligned-center is-layout-flow\" style=\"flex-basis:33.33%\"><div class=\"wp-block-image\">\n<figure class=\"alignright size-full\"><img decoding=\"async\" loading=\"lazy\" width=\"800\" height=\"800\" src=\"https:\/\/cde-cf.fr\/wp-content\/uploads\/2023\/04\/shutterstock_176971706.jpg\" alt=\"V\u00e9rification des aires de jeux\" class=\"wp-image-716\" srcset=\"https:\/\/cde-cf.fr\/wp-content\/uploads\/2023\/04\/shutterstock_176971706.jpg 800w, https:\/\/cde-cf.fr\/wp-content\/uploads\/2023\/04\/shutterstock_176971706-300x300.jpg 300w, https:\/\/cde-cf.fr\/wp-content\/uploads\/2023\/04\/shutterstock_176971706-150x150.jpg 150w, https:\/\/cde-cf.fr\/wp-content\/uploads\/2023\/04\/shutterstock_176971706-768x768.jpg 768w\" sizes=\"(max-width: 800px) 100vw, 800px\" \/><\/figure><\/div><\/div>\n<\/div>\n","protected":false},"excerpt":{"rendered":"<p>V\u00e9rification des \u00e9quipements sportifs La p\u00e9riodicit\u00e9 de v\u00e9rification des \u00e9quipements sportifs suivant les dispositions de la norme NF S52-409 de f\u00e9vrier 2009 va de 6 mois \u00e0 2 ans selon le type de contr\u00f4le \u00e0 effectuer : Les essais statiques (320 kg, 180 kg et 110 kg) ont pour objet d\u2019\u00e9prouver la solidit\u00e9 et la [&hellip;]<\/p>\n","protected":false},"author":1,"featured_media":0,"parent":295,"menu_order":3,"comment_status":"closed","ping_status":"closed","template":"","meta":[],"yoast_head":"<!-- This site is optimized with the Yoast SEO plugin v20.6 - https:\/\/yoast.com\/wordpress\/plugins\/seo\/ -->\n<title>V\u00e9rification des \u00e9quipements sportifs et des aires de jeux -<\/title>\n<meta name=\"description\" content=\"V\u00e9rification des \u00e9quipements sportifs et des aires de jeux dans les lieux publics, les \u00e9tablissements scolaires et centres de loisirs\" \/>\n<meta name=\"robots\" content=\"index, follow, max-snippet:-1, max-image-preview:large, max-video-preview:-1\" \/>\n<link rel=\"canonical\" href=\"https:\/\/cde-cf.fr\/?page_id=416\" \/>\n<meta property=\"og:locale\" content=\"fr_FR\" \/>\n<meta property=\"og:type\" content=\"article\" \/>\n<meta property=\"og:title\" content=\"V\u00e9rification des \u00e9quipements sportifs et des aires de jeux -\" \/>\n<meta property=\"og:description\" content=\"V\u00e9rification des \u00e9quipements sportifs et des aires de jeux dans les lieux publics, les \u00e9tablissements scolaires et centres de loisirs\" \/>\n<meta property=\"og:url\" content=\"https:\/\/cde-cf.fr\/?page_id=416\" \/>\n<meta property=\"og:site_name\" content=\"Organisme d&#039;inspection et formation professionnelle\" \/>\n<meta property=\"article:modified_time\" content=\"2023-04-15T15:51:51+00:00\" \/>\n<meta property=\"og:image\" content=\"https:\/\/cde-cf.fr\/wp-content\/uploads\/2023\/04\/shutterstock_1047637615-300x300.jpg\" \/>\n<meta name=\"twitter:card\" content=\"summary_large_image\" \/>\n<meta name=\"twitter:label1\" content=\"Dur\u00e9e de lecture estim\u00e9e\" \/>\n\t<meta name=\"twitter:data1\" content=\"3 minutes\" \/>\n<script type=\"application\/ld+json\" class=\"yoast-schema-graph\">{\"@context\":\"https:\/\/schema.org\",\"@graph\":[{\"@type\":\"WebPage\",\"@id\":\"https:\/\/cde-cf.fr\/?page_id=416\",\"url\":\"https:\/\/cde-cf.fr\/?page_id=416\",\"name\":\"V\u00e9rification des \u00e9quipements sportifs et des aires de jeux -\",\"isPartOf\":{\"@id\":\"https:\/\/cde-cf.fr\/#website\"},\"datePublished\":\"2023-04-01T10:00:14+00:00\",\"dateModified\":\"2023-04-15T15:51:51+00:00\",\"description\":\"V\u00e9rification des \u00e9quipements sportifs et des aires de jeux dans les lieux publics, les \u00e9tablissements scolaires et centres de loisirs\",\"breadcrumb\":{\"@id\":\"https:\/\/cde-cf.fr\/?page_id=416#breadcrumb\"},\"inLanguage\":\"fr-FR\",\"potentialAction\":[{\"@type\":\"ReadAction\",\"target\":[\"https:\/\/cde-cf.fr\/?page_id=416\"]}]},{\"@type\":\"BreadcrumbList\",\"@id\":\"https:\/\/cde-cf.fr\/?page_id=416#breadcrumb\",\"itemListElement\":[{\"@type\":\"ListItem\",\"position\":1,\"name\":\"Accueil\",\"item\":\"https:\/\/cde-cf.fr\/\"},{\"@type\":\"ListItem\",\"position\":2,\"name\":\"Nos services\",\"item\":\"https:\/\/cde-cf.fr\/?page_id=295\"},{\"@type\":\"ListItem\",\"position\":3,\"name\":\"V\u00e9rification des \u00e9quipements sportifs et des aires de jeux\"}]},{\"@type\":\"WebSite\",\"@id\":\"https:\/\/cde-cf.fr\/#website\",\"url\":\"https:\/\/cde-cf.fr\/\",\"name\":\"Organisme d'inspection et formation professionnelle\",\"description\":\"La s\u00e9curit\u00e9 au c\u0153ur de notre m\u00e9tier !\",\"publisher\":{\"@id\":\"https:\/\/cde-cf.fr\/#organization\"},\"potentialAction\":[{\"@type\":\"SearchAction\",\"target\":{\"@type\":\"EntryPoint\",\"urlTemplate\":\"https:\/\/cde-cf.fr\/?s={search_term_string}\"},\"query-input\":\"required name=search_term_string\"}],\"inLanguage\":\"fr-FR\"},{\"@type\":\"Organization\",\"@id\":\"https:\/\/cde-cf.fr\/#organization\",\"name\":\"CDE - Cabinet des Epris\",\"url\":\"https:\/\/cde-cf.fr\/\",\"logo\":{\"@type\":\"ImageObject\",\"inLanguage\":\"fr-FR\",\"@id\":\"https:\/\/cde-cf.fr\/#\/schema\/logo\/image\/\",\"url\":\"https:\/\/cde-cf.fr\/wp-content\/uploads\/2023\/03\/Image3-scaled.gif\",\"contentUrl\":\"https:\/\/cde-cf.fr\/wp-content\/uploads\/2023\/03\/Image3-scaled.gif\",\"width\":2560,\"height\":913,\"caption\":\"CDE - Cabinet des Epris\"},\"image\":{\"@id\":\"https:\/\/cde-cf.fr\/#\/schema\/logo\/image\/\"}}]}<\/script>\n<!-- \/ Yoast SEO plugin. -->","yoast_head_json":{"title":"V\u00e9rification des \u00e9quipements sportifs et des aires de jeux -","description":"V\u00e9rification des \u00e9quipements sportifs et des aires de jeux dans les lieux publics, les \u00e9tablissements scolaires et centres de loisirs","robots":{"index":"index","follow":"follow","max-snippet":"max-snippet:-1","max-image-preview":"max-image-preview:large","max-video-preview":"max-video-preview:-1"},"canonical":"https:\/\/cde-cf.fr\/?page_id=416","og_locale":"fr_FR","og_type":"article","og_title":"V\u00e9rification des \u00e9quipements sportifs et des aires de jeux -","og_description":"V\u00e9rification des \u00e9quipements sportifs et des aires de jeux dans les lieux publics, les \u00e9tablissements scolaires et centres de loisirs","og_url":"https:\/\/cde-cf.fr\/?page_id=416","og_site_name":"Organisme d&#039;inspection et formation professionnelle","article_modified_time":"2023-04-15T15:51:51+00:00","og_image":[{"url":"https:\/\/cde-cf.fr\/wp-content\/uploads\/2023\/04\/shutterstock_1047637615-300x300.jpg"}],"twitter_card":"summary_large_image","twitter_misc":{"Dur\u00e9e de lecture estim\u00e9e":"3 minutes"},"schema":{"@context":"https:\/\/schema.org","@graph":[{"@type":"WebPage","@id":"https:\/\/cde-cf.fr\/?page_id=416","url":"https:\/\/cde-cf.fr\/?page_id=416","name":"V\u00e9rification des \u00e9quipements sportifs et des aires de jeux -","isPartOf":{"@id":"https:\/\/cde-cf.fr\/#website"},"datePublished":"2023-04-01T10:00:14+00:00","dateModified":"2023-04-15T15:51:51+00:00","description":"V\u00e9rification des \u00e9quipements sportifs et des aires de jeux dans les lieux publics, les \u00e9tablissements scolaires et centres de loisirs","breadcrumb":{"@id":"https:\/\/cde-cf.fr\/?page_id=416#breadcrumb"},"inLanguage":"fr-FR","potentialAction":[{"@type":"ReadAction","target":["https:\/\/cde-cf.fr\/?page_id=416"]}]},{"@type":"BreadcrumbList","@id":"https:\/\/cde-cf.fr\/?page_id=416#breadcrumb","itemListElement":[{"@type":"ListItem","position":1,"name":"Accueil","item":"https:\/\/cde-cf.fr\/"},{"@type":"ListItem","position":2,"name":"Nos services","item":"https:\/\/cde-cf.fr\/?page_id=295"},{"@type":"ListItem","position":3,"name":"V\u00e9rification des \u00e9quipements sportifs et des aires de jeux"}]},{"@type":"WebSite","@id":"https:\/\/cde-cf.fr\/#website","url":"https:\/\/cde-cf.fr\/","name":"Organisme d'inspection et formation professionnelle","description":"La s\u00e9curit\u00e9 au c\u0153ur de notre m\u00e9tier !","publisher":{"@id":"https:\/\/cde-cf.fr\/#organization"},"potentialAction":[{"@type":"SearchAction","target":{"@type":"EntryPoint","urlTemplate":"https:\/\/cde-cf.fr\/?s={search_term_string}"},"query-input":"required name=search_term_string"}],"inLanguage":"fr-FR"},{"@type":"Organization","@id":"https:\/\/cde-cf.fr\/#organization","name":"CDE - Cabinet des Epris","url":"https:\/\/cde-cf.fr\/","logo":{"@type":"ImageObject","inLanguage":"fr-FR","@id":"https:\/\/cde-cf.fr\/#\/schema\/logo\/image\/","url":"https:\/\/cde-cf.fr\/wp-content\/uploads\/2023\/03\/Image3-scaled.gif","contentUrl":"https:\/\/cde-cf.fr\/wp-content\/uploads\/2023\/03\/Image3-scaled.gif","width":2560,"height":913,"caption":"CDE - Cabinet des Epris"},"image":{"@id":"https:\/\/cde-cf.fr\/#\/schema\/logo\/image\/"}}]}},"_links":{"self":[{"href":"https:\/\/cde-cf.fr\/index.php?rest_route=\/wp\/v2\/pages\/416"}],"collection":[{"href":"https:\/\/cde-cf.fr\/index.php?rest_route=\/wp\/v2\/pages"}],"about":[{"href":"https:\/\/cde-cf.fr\/index.php?rest_route=\/wp\/v2\/types\/page"}],"author":[{"embeddable":true,"href":"https:\/\/cde-cf.fr\/index.php?rest_route=\/wp\/v2\/users\/1"}],"replies":[{"embeddable":true,"href":"https:\/\/cde-cf.fr\/index.php?rest_route=%2Fwp%2Fv2%2Fcomments&post=416"}],"version-history":[{"count":23,"href":"https:\/\/cde-cf.fr\/index.php?rest_route=\/wp\/v2\/pages\/416\/revisions"}],"predecessor-version":[{"id":1267,"href":"https:\/\/cde-cf.fr\/index.php?rest_route=\/wp\/v2\/pages\/416\/revisions\/1267"}],"up":[{"embeddable":true,"href":"https:\/\/cde-cf.fr\/index.php?rest_route=\/wp\/v2\/pages\/295"}],"wp:attachment":[{"href":"https:\/\/cde-cf.fr\/index.php?rest_route=%2Fwp%2Fv2%2Fmedia&parent=416"}],"curies":[{"name":"wp","href":"https:\/\/api.w.org\/{rel}","templated":true}]}}