{"id":368,"date":"2023-03-30T00:00:37","date_gmt":"2023-03-29T22:00:37","guid":{"rendered":"https:\/\/192.168.1.141\/wordpress\/?page_id=368"},"modified":"2023-04-15T17:53:57","modified_gmt":"2023-04-15T15:53:57","slug":"aipr","status":"publish","type":"page","link":"https:\/\/cde-cf.fr\/?page_id=368","title":{"rendered":"AIPR"},"content":{"rendered":"\n<div style=\"height:500px\" aria-hidden=\"true\" class=\"wp-block-spacer\"><\/div>\n\n\n\n<h1 class=\"wp-block-heading has-vivid-cyan-blue-color has-text-color has-large-font-size\">AIPR<\/h1>\n\n\n\n<p><strong>Autorisation d&rsquo;intervention \u00e0 proximit\u00e9 des r\u00e9seaux<\/strong><\/p>\n\n\n\n<p>L&rsquo;Autorisation d\u2019Intervention \u00e0 Proximit\u00e9 des R\u00e9seaux est une autorisation d\u00e9livr\u00e9e par l\u2019employeur \u00e0 son salari\u00e9 en fonction de la comp\u00e9tence du travailleur pour \u00eatre capable d\u2019intervenir \u00e0 proximit\u00e9 des r\u00e9seaux. Elle est obligatoire depuis le 1er janvier 2018.<\/p>\n\n\n\n<p>Nous proposons une formation \u00e0 l\u2019examen AIPR pour encadrant, concepteur et op\u00e9rateur, avec des questions issues des tests QCM de la plateforme d\u2019examen du Minist\u00e8re de la transition \u00e9cologique et solidaire (MTES)<\/p>\n\n\n\n<div style=\"height:100px\" aria-hidden=\"true\" class=\"wp-block-spacer\"><\/div>\n\n\n\n<p><strong>Objectif : <\/strong><\/p>\n\n\n\n<p>A l\u2019issue de la formation, le stagiaire aura acquis la connaissance de la r\u00e9glementation li\u00e9e aux travaux \u00e0 proximit\u00e9 des r\u00e9seaux, le Guide technique, savoir identifier les risques m\u00e9tier pour adapter les m\u00e9thodes de travail, pr\u00e9parer et obtenir l\u2019examen AIPR sous forme de QCM<\/p>\n\n\n\n<div style=\"height:75px\" aria-hidden=\"true\" class=\"wp-block-spacer\"><\/div>\n\n\n\n<p><strong>Dur\u00e9e de formation<\/strong> : 6 h 00 + 1 heure de test<\/p>\n\n\n\n<div style=\"height:100px\" aria-hidden=\"true\" class=\"wp-block-spacer\"><\/div>\n\n\n\n<div class=\"wp-block-columns is-layout-flex wp-container-4\">\n<div class=\"wp-block-column is-layout-flow\">\n<p class=\"has-light-green-cyan-background-color has-background has-medium-font-size\">Op\u00e9rateur<\/p>\n\n\n\n<p>Ex\u00e9cutant de travaux \u00e0 proximit\u00e9 de r\u00e9seaux enterr\u00e9s ou a\u00e9riens&nbsp;: <\/p>\n\n\n\n<ul>\n<li class=\"has-small-font-size\">Conducteur d\u2019engins dans les travaux publics<\/li>\n\n\n\n<li class=\"has-small-font-size\">Conducteur de nacelles \u00e9l\u00e9vatrices, grue, pompe \u00e0 b\u00e9ton\u2026<\/li>\n\n\n\n<li class=\"has-small-font-size\">Suiveur<\/li>\n\n\n\n<li class=\"has-small-font-size\">Canalisateur<\/li>\n\n\n\n<li class=\"has-small-font-size\">Ouvrier en travaux publics. <\/li>\n<\/ul>\n\n\n\n<p class=\"has-small-font-size\">Ex\u00e9cutants de travaux urgents dispens\u00e9s de DT et DICT.<\/p>\n<\/div>\n\n\n\n<div class=\"wp-block-column is-layout-flow\">\n<p class=\"has-light-green-cyan-background-color has-background has-medium-font-size\">Encadrant<\/p>\n\n\n\n<p>Personne assurant l\u2019encadrement sous la direction du responsable de projet&nbsp;:<\/p>\n\n\n\n<ul>\n<li class=\"has-small-font-size\">Conducteur de travaux<\/li>\n\n\n\n<li class=\"has-small-font-size\">Charg\u00e9 d\u2019\u00e9tudes<\/li>\n\n\n\n<li class=\"has-small-font-size\">Personnel de bureaux de maitrise d\u2019\u0153uvre et d\u2019assistance \u00e0 ma\u00eetre d\u2019ouvrages<\/li>\n\n\n\n<li class=\"has-small-font-size\">Personnel de maitrise d\u2019ouvrage<\/li>\n\n\n\n<li class=\"has-small-font-size\">Personnel r\u00e9alisant la d\u00e9tection et le g\u00e9or\u00e9f\u00e9rencement de r\u00e9seaux<\/li>\n<\/ul>\n\n\n\n<p class=\"has-small-font-size\">Personne assurant l\u2019encadrement des travaux \u00e0 proximit\u00e9 de r\u00e9seaux enterr\u00e9s ou a\u00e9riens : <\/p>\n\n\n\n<ul>\n<li class=\"has-small-font-size\">Chef d\u2019\u00e9quipe<\/li>\n\n\n\n<li class=\"has-small-font-size\">Chef de chantier<\/li>\n\n\n\n<li class=\"has-small-font-size\">Conducteur de travaux.<\/li>\n<\/ul>\n<\/div>\n\n\n\n<div class=\"wp-block-column is-layout-flow\">\n<p class=\"has-light-green-cyan-background-color has-background has-medium-font-size\">Concepteur<\/p>\n\n\n\n<p>Salari\u00e9 du ma\u00eetre d&rsquo;ouvrage ou du responsable du projet devant d&rsquo;intervenir en pr\u00e9paration ou suivi des projets de travaux<\/p>\n\n\n\n<ul>\n<li class=\"has-small-font-size\">Chef d\u2019\u00e9quipe<\/li>\n\n\n\n<li class=\"has-small-font-size\">Chef de chantier<\/li>\n\n\n\n<li class=\"has-small-font-size\">Conducteur de travaux.<\/li>\n<\/ul>\n<\/div>\n<\/div>\n","protected":false},"excerpt":{"rendered":"<p>AIPR Autorisation d&rsquo;intervention \u00e0 proximit\u00e9 des r\u00e9seaux L&rsquo;Autorisation d\u2019Intervention \u00e0 Proximit\u00e9 des R\u00e9seaux est une autorisation d\u00e9livr\u00e9e par l\u2019employeur \u00e0 son salari\u00e9 en fonction de la comp\u00e9tence du travailleur pour \u00eatre capable d\u2019intervenir \u00e0 proximit\u00e9 des r\u00e9seaux. Elle est obligatoire depuis le 1er janvier 2018. Nous proposons une formation \u00e0 l\u2019examen AIPR pour encadrant, concepteur [&hellip;]<\/p>\n","protected":false},"author":1,"featured_media":0,"parent":362,"menu_order":2,"comment_status":"closed","ping_status":"closed","template":"","meta":[],"yoast_head":"<!-- This site is optimized with the Yoast SEO plugin v20.6 - https:\/\/yoast.com\/wordpress\/plugins\/seo\/ -->\n<title>AIPR - Organisme d&#039;inspection et formation professionnelle<\/title>\n<meta name=\"description\" content=\"Formation AIPR - Autorisation d&#039;intervention \u00e0 proximit\u00e9 des r\u00e9seaux pour autorisation d\u00e9livr\u00e9e par l&#039;employeur d&#039;une dur\u00e9e de 6h +1h test\" \/>\n<meta name=\"robots\" content=\"index, follow, max-snippet:-1, max-image-preview:large, max-video-preview:-1\" \/>\n<link rel=\"canonical\" href=\"https:\/\/cde-cf.fr\/?page_id=368\" \/>\n<meta property=\"og:locale\" content=\"fr_FR\" \/>\n<meta property=\"og:type\" content=\"article\" \/>\n<meta property=\"og:title\" content=\"AIPR - Organisme d&#039;inspection et formation professionnelle\" \/>\n<meta property=\"og:description\" content=\"Formation AIPR - Autorisation d&#039;intervention \u00e0 proximit\u00e9 des r\u00e9seaux pour autorisation d\u00e9livr\u00e9e par l&#039;employeur d&#039;une dur\u00e9e de 6h +1h test\" \/>\n<meta property=\"og:url\" content=\"https:\/\/cde-cf.fr\/?page_id=368\" \/>\n<meta property=\"og:site_name\" content=\"Organisme d&#039;inspection et formation professionnelle\" \/>\n<meta property=\"article:modified_time\" content=\"2023-04-15T15:53:57+00:00\" \/>\n<meta name=\"twitter:card\" content=\"summary_large_image\" \/>\n<meta name=\"twitter:label1\" content=\"Dur\u00e9e de lecture estim\u00e9e\" \/>\n\t<meta name=\"twitter:data1\" content=\"2 minutes\" \/>\n<script type=\"application\/ld+json\" class=\"yoast-schema-graph\">{\"@context\":\"https:\/\/schema.org\",\"@graph\":[{\"@type\":\"WebPage\",\"@id\":\"https:\/\/cde-cf.fr\/?page_id=368\",\"url\":\"https:\/\/cde-cf.fr\/?page_id=368\",\"name\":\"AIPR - Organisme d&#039;inspection et formation professionnelle\",\"isPartOf\":{\"@id\":\"https:\/\/cde-cf.fr\/#website\"},\"datePublished\":\"2023-03-29T22:00:37+00:00\",\"dateModified\":\"2023-04-15T15:53:57+00:00\",\"description\":\"Formation AIPR - Autorisation d'intervention \u00e0 proximit\u00e9 des r\u00e9seaux pour autorisation d\u00e9livr\u00e9e par l'employeur d'une dur\u00e9e de 6h +1h test\",\"breadcrumb\":{\"@id\":\"https:\/\/cde-cf.fr\/?page_id=368#breadcrumb\"},\"inLanguage\":\"fr-FR\",\"potentialAction\":[{\"@type\":\"ReadAction\",\"target\":[\"https:\/\/cde-cf.fr\/?page_id=368\"]}]},{\"@type\":\"BreadcrumbList\",\"@id\":\"https:\/\/cde-cf.fr\/?page_id=368#breadcrumb\",\"itemListElement\":[{\"@type\":\"ListItem\",\"position\":1,\"name\":\"Accueil\",\"item\":\"https:\/\/cde-cf.fr\/\"},{\"@type\":\"ListItem\",\"position\":2,\"name\":\"Nos services\",\"item\":\"https:\/\/cde-cf.fr\/?page_id=295\"},{\"@type\":\"ListItem\",\"position\":3,\"name\":\"Nos formations\",\"item\":\"https:\/\/cde-cf.fr\/?page_id=362\"},{\"@type\":\"ListItem\",\"position\":4,\"name\":\"AIPR\"}]},{\"@type\":\"WebSite\",\"@id\":\"https:\/\/cde-cf.fr\/#website\",\"url\":\"https:\/\/cde-cf.fr\/\",\"name\":\"Organisme d'inspection et formation professionnelle\",\"description\":\"La s\u00e9curit\u00e9 au c\u0153ur de notre m\u00e9tier !\",\"publisher\":{\"@id\":\"https:\/\/cde-cf.fr\/#organization\"},\"potentialAction\":[{\"@type\":\"SearchAction\",\"target\":{\"@type\":\"EntryPoint\",\"urlTemplate\":\"https:\/\/cde-cf.fr\/?s={search_term_string}\"},\"query-input\":\"required name=search_term_string\"}],\"inLanguage\":\"fr-FR\"},{\"@type\":\"Organization\",\"@id\":\"https:\/\/cde-cf.fr\/#organization\",\"name\":\"CDE - Cabinet des Epris\",\"url\":\"https:\/\/cde-cf.fr\/\",\"logo\":{\"@type\":\"ImageObject\",\"inLanguage\":\"fr-FR\",\"@id\":\"https:\/\/cde-cf.fr\/#\/schema\/logo\/image\/\",\"url\":\"https:\/\/cde-cf.fr\/wp-content\/uploads\/2023\/03\/Image3-scaled.gif\",\"contentUrl\":\"https:\/\/cde-cf.fr\/wp-content\/uploads\/2023\/03\/Image3-scaled.gif\",\"width\":2560,\"height\":913,\"caption\":\"CDE - Cabinet des Epris\"},\"image\":{\"@id\":\"https:\/\/cde-cf.fr\/#\/schema\/logo\/image\/\"}}]}<\/script>\n<!-- \/ Yoast SEO plugin. -->","yoast_head_json":{"title":"AIPR - Organisme d&#039;inspection et formation professionnelle","description":"Formation AIPR - Autorisation d'intervention \u00e0 proximit\u00e9 des r\u00e9seaux pour autorisation d\u00e9livr\u00e9e par l'employeur d'une dur\u00e9e de 6h +1h test","robots":{"index":"index","follow":"follow","max-snippet":"max-snippet:-1","max-image-preview":"max-image-preview:large","max-video-preview":"max-video-preview:-1"},"canonical":"https:\/\/cde-cf.fr\/?page_id=368","og_locale":"fr_FR","og_type":"article","og_title":"AIPR - Organisme d&#039;inspection et formation professionnelle","og_description":"Formation AIPR - Autorisation d'intervention \u00e0 proximit\u00e9 des r\u00e9seaux pour autorisation d\u00e9livr\u00e9e par l'employeur d'une dur\u00e9e de 6h +1h test","og_url":"https:\/\/cde-cf.fr\/?page_id=368","og_site_name":"Organisme d&#039;inspection et formation professionnelle","article_modified_time":"2023-04-15T15:53:57+00:00","twitter_card":"summary_large_image","twitter_misc":{"Dur\u00e9e de lecture estim\u00e9e":"2 minutes"},"schema":{"@context":"https:\/\/schema.org","@graph":[{"@type":"WebPage","@id":"https:\/\/cde-cf.fr\/?page_id=368","url":"https:\/\/cde-cf.fr\/?page_id=368","name":"AIPR - Organisme d&#039;inspection et formation professionnelle","isPartOf":{"@id":"https:\/\/cde-cf.fr\/#website"},"datePublished":"2023-03-29T22:00:37+00:00","dateModified":"2023-04-15T15:53:57+00:00","description":"Formation AIPR - Autorisation d'intervention \u00e0 proximit\u00e9 des r\u00e9seaux pour autorisation d\u00e9livr\u00e9e par l'employeur d'une dur\u00e9e de 6h +1h test","breadcrumb":{"@id":"https:\/\/cde-cf.fr\/?page_id=368#breadcrumb"},"inLanguage":"fr-FR","potentialAction":[{"@type":"ReadAction","target":["https:\/\/cde-cf.fr\/?page_id=368"]}]},{"@type":"BreadcrumbList","@id":"https:\/\/cde-cf.fr\/?page_id=368#breadcrumb","itemListElement":[{"@type":"ListItem","position":1,"name":"Accueil","item":"https:\/\/cde-cf.fr\/"},{"@type":"ListItem","position":2,"name":"Nos services","item":"https:\/\/cde-cf.fr\/?page_id=295"},{"@type":"ListItem","position":3,"name":"Nos formations","item":"https:\/\/cde-cf.fr\/?page_id=362"},{"@type":"ListItem","position":4,"name":"AIPR"}]},{"@type":"WebSite","@id":"https:\/\/cde-cf.fr\/#website","url":"https:\/\/cde-cf.fr\/","name":"Organisme d'inspection et formation professionnelle","description":"La s\u00e9curit\u00e9 au c\u0153ur de notre m\u00e9tier !","publisher":{"@id":"https:\/\/cde-cf.fr\/#organization"},"potentialAction":[{"@type":"SearchAction","target":{"@type":"EntryPoint","urlTemplate":"https:\/\/cde-cf.fr\/?s={search_term_string}"},"query-input":"required name=search_term_string"}],"inLanguage":"fr-FR"},{"@type":"Organization","@id":"https:\/\/cde-cf.fr\/#organization","name":"CDE - Cabinet des Epris","url":"https:\/\/cde-cf.fr\/","logo":{"@type":"ImageObject","inLanguage":"fr-FR","@id":"https:\/\/cde-cf.fr\/#\/schema\/logo\/image\/","url":"https:\/\/cde-cf.fr\/wp-content\/uploads\/2023\/03\/Image3-scaled.gif","contentUrl":"https:\/\/cde-cf.fr\/wp-content\/uploads\/2023\/03\/Image3-scaled.gif","width":2560,"height":913,"caption":"CDE - Cabinet des Epris"},"image":{"@id":"https:\/\/cde-cf.fr\/#\/schema\/logo\/image\/"}}]}},"_links":{"self":[{"href":"https:\/\/cde-cf.fr\/index.php?rest_route=\/wp\/v2\/pages\/368"}],"collection":[{"href":"https:\/\/cde-cf.fr\/index.php?rest_route=\/wp\/v2\/pages"}],"about":[{"href":"https:\/\/cde-cf.fr\/index.php?rest_route=\/wp\/v2\/types\/page"}],"author":[{"embeddable":true,"href":"https:\/\/cde-cf.fr\/index.php?rest_route=\/wp\/v2\/users\/1"}],"replies":[{"embeddable":true,"href":"https:\/\/cde-cf.fr\/index.php?rest_route=%2Fwp%2Fv2%2Fcomments&post=368"}],"version-history":[{"count":14,"href":"https:\/\/cde-cf.fr\/index.php?rest_route=\/wp\/v2\/pages\/368\/revisions"}],"predecessor-version":[{"id":1272,"href":"https:\/\/cde-cf.fr\/index.php?rest_route=\/wp\/v2\/pages\/368\/revisions\/1272"}],"up":[{"embeddable":true,"href":"https:\/\/cde-cf.fr\/index.php?rest_route=\/wp\/v2\/pages\/362"}],"wp:attachment":[{"href":"https:\/\/cde-cf.fr\/index.php?rest_route=%2Fwp%2Fv2%2Fmedia&parent=368"}],"curies":[{"name":"wp","href":"https:\/\/api.w.org\/{rel}","templated":true}]}}