{"id":3,"date":"2023-03-22T15:45:47","date_gmt":"2023-03-22T14:45:47","guid":{"rendered":"https:\/\/192.168.1.141\/wordpress\/?page_id=3"},"modified":"2023-04-15T17:55:50","modified_gmt":"2023-04-15T15:55:50","slug":"politique-de-confidentialite","status":"publish","type":"page","link":"https:\/\/cde-cf.fr\/?page_id=3","title":{"rendered":"Politique de confidentialit\u00e9"},"content":{"rendered":"\n<div style=\"height:500px\" aria-hidden=\"true\" class=\"wp-block-spacer\"><\/div>\n\n\n\n<h2 class=\"wp-block-heading has-vivid-cyan-blue-color has-text-color has-large-font-size\">Qui sommes nous&nbsp;?<\/h2>\n\n\n\n<p>L\u2019adresse de notre site est&nbsp;: https:\/\/cde-cf.fr<\/p>\n\n\n\n<p>N\u00b0 SIRET : 79748369000021<\/p>\n\n\n\n<p>Soci\u00e9t\u00e9 d&rsquo;exploitation du site internet : SAS CDE &#8211; 22 Rue Nationale 89360 FLOGNY LA CHAPELLE<\/p>\n\n\n\n<p>Repr\u00e9sentant de la soci\u00e9t\u00e9 : BACHOTET S\u00e9bastien &#8211; Pr\u00e9sident<\/p>\n\n\n\n<h2 class=\"wp-block-heading has-medium-font-size\">Cookies<\/h2>\n\n\n\n<p>Si vous vous rendez sur la page de connexion, (r\u00e9serv\u00e9e aux clients CDE sous contrat avec l&rsquo;option : <strong>e-coffre<\/strong>) un cookie temporaire sera cr\u00e9\u00e9 afin de d\u00e9terminer si votre navigateur accepte les cookies. Il ne contient pas de donn\u00e9es personnelles et sera supprim\u00e9 automatiquement \u00e0 la fermeture de votre navigateur.<\/p>\n\n\n\n<p>Lorsque vous vous connecterez, nous mettrons en place un certain nombre de cookies pour enregistrer vos informations de connexion et vos pr\u00e9f\u00e9rences d\u2019\u00e9cran. La dur\u00e9e de vie d\u2019un cookie de connexion est de deux jours, celle d\u2019un cookie d\u2019option d\u2019\u00e9cran est d\u2019un an. Si vous cochez \u00ab&nbsp;Se souvenir de moi&nbsp;\u00bb, votre cookie de connexion sera conserv\u00e9 pendant deux semaines. Si vous vous d\u00e9connectez de votre compte, le cookie de connexion sera effac\u00e9.<\/p>\n\n\n\n<h2 class=\"wp-block-heading has-medium-font-size\">Contenu embarqu\u00e9 depuis d\u2019autres sites<\/h2>\n\n\n\n<p>Les articles de ce site peuvent inclure des contenus int\u00e9gr\u00e9s (par exemple des vid\u00e9os, images, articles\u2026). Le contenu int\u00e9gr\u00e9 depuis d\u2019autres sites se comporte de la m\u00eame mani\u00e8re que si le visiteur se rendait sur cet autre site.<\/p>\n\n\n\n<p>Les sites accessibles par ces liens ne sont pas&nbsp;du ressort de CDE et CDE saurait \u00eatre tenue responsable de quelque fa\u00e7on que ce soit&nbsp;du contenu de ces sites, ni d&rsquo;aucun&nbsp;lien contenu dans ces sites.<\/p>\n\n\n\n<h2 class=\"wp-block-heading has-medium-font-size\">Statistiques et mesures d\u2019audience<\/h2>\n\n\n\n<p>Nous utilisons uniquement les services d\u2019Auttomatic (Jetpack) comme outil de consultation des statistiques et d\u2019analyse de mesure d\u2019audience. Cet outil est param\u00e9tr\u00e9 pour suivre le r\u00e9glage Do Not Track (Ne pas suivre) utilis\u00e9 par votre navigateur internet.<\/p>\n\n\n\n<h2 class=\"wp-block-heading has-medium-font-size\">Utilisation et transmission de vos donn\u00e9es personnelles<\/h2>\n\n\n\n<p>Si vous demandez une r\u00e9initialisation de votre mot de passe, votre adresse IP sera incluse dans l\u2019e-mail de r\u00e9initialisation.<\/p>\n\n\n\n<h2 class=\"wp-block-heading has-medium-font-size\">Dur\u00e9es de stockage de vos donn\u00e9es<\/h2>\n\n\n\n<p>Pour les comptes qui s\u2019inscrivent sur notre site (le cas \u00e9ch\u00e9ant), nous stockons \u00e9galement les donn\u00e9es personnelles indiqu\u00e9es dans leur profil. Tous les comptes peuvent voir, modifier ou supprimer leurs informations personnelles \u00e0 tout moment (\u00e0 l\u2019exception de leur identifiant).<\/p>\n\n\n\n<h2 class=\"wp-block-heading has-medium-font-size\">Les droits que vous avez sur vos donn\u00e9es<\/h2>\n\n\n\n<p>Si vous avez un compte, vous pouvez demander \u00e0 recevoir un fichier contenant toutes les donn\u00e9es personnelles que nous poss\u00e9dons \u00e0 votre sujet, incluant celles que vous nous avez fournies. Vous pouvez \u00e9galement demander la suppression des donn\u00e9es personnelles vous concernant. Cela ne prend pas en compte les donn\u00e9es stock\u00e9es \u00e0 des fins administratives, l\u00e9gales ou pour des raisons de s\u00e9curit\u00e9.<\/p>\n\n\n\n<p>Derni\u00e8re mise \u00e0 jour le 07\/04\/2023<\/p>\n","protected":false},"excerpt":{"rendered":"<p>Qui sommes nous&nbsp;? L\u2019adresse de notre site est&nbsp;: https:\/\/cde-cf.fr N\u00b0 SIRET : 79748369000021 Soci\u00e9t\u00e9 d&rsquo;exploitation du site internet : SAS CDE &#8211; 22 Rue Nationale 89360 FLOGNY LA CHAPELLE Repr\u00e9sentant de la soci\u00e9t\u00e9 : BACHOTET S\u00e9bastien &#8211; Pr\u00e9sident Cookies Si vous vous rendez sur la page de connexion, (r\u00e9serv\u00e9e aux clients CDE sous contrat avec [&hellip;]<\/p>\n","protected":false},"author":1,"featured_media":0,"parent":0,"menu_order":5,"comment_status":"closed","ping_status":"open","template":"","meta":[],"yoast_head":"<!-- This site is optimized with the Yoast SEO plugin v20.6 - https:\/\/yoast.com\/wordpress\/plugins\/seo\/ -->\n<title>Politique de confidentialit\u00e9 - Organisme d&#039;inspection et formation professionnelle<\/title>\n<meta name=\"robots\" content=\"index, follow, max-snippet:-1, max-image-preview:large, max-video-preview:-1\" \/>\n<link rel=\"canonical\" href=\"https:\/\/cde-cf.fr\/?page_id=3\" \/>\n<meta property=\"og:locale\" content=\"fr_FR\" \/>\n<meta property=\"og:type\" content=\"article\" \/>\n<meta property=\"og:title\" content=\"Politique de confidentialit\u00e9 - Organisme d&#039;inspection et formation professionnelle\" \/>\n<meta property=\"og:description\" content=\"Qui sommes nous&nbsp;? L\u2019adresse de notre site est&nbsp;: https:\/\/cde-cf.fr N\u00b0 SIRET : 79748369000021 Soci\u00e9t\u00e9 d&rsquo;exploitation du site internet : SAS CDE &#8211; 22 Rue Nationale 89360 FLOGNY LA CHAPELLE Repr\u00e9sentant de la soci\u00e9t\u00e9 : BACHOTET S\u00e9bastien &#8211; Pr\u00e9sident Cookies Si vous vous rendez sur la page de connexion, (r\u00e9serv\u00e9e aux clients CDE sous contrat avec [&hellip;]\" \/>\n<meta property=\"og:url\" content=\"https:\/\/cde-cf.fr\/?page_id=3\" \/>\n<meta property=\"og:site_name\" content=\"Organisme d&#039;inspection et formation professionnelle\" \/>\n<meta property=\"article:modified_time\" content=\"2023-04-15T15:55:50+00:00\" \/>\n<meta name=\"twitter:card\" content=\"summary_large_image\" \/>\n<meta name=\"twitter:label1\" content=\"Dur\u00e9e de lecture estim\u00e9e\" \/>\n\t<meta name=\"twitter:data1\" content=\"3 minutes\" \/>\n<script type=\"application\/ld+json\" class=\"yoast-schema-graph\">{\"@context\":\"https:\/\/schema.org\",\"@graph\":[{\"@type\":\"WebPage\",\"@id\":\"https:\/\/cde-cf.fr\/?page_id=3\",\"url\":\"https:\/\/cde-cf.fr\/?page_id=3\",\"name\":\"Politique de confidentialit\u00e9 - Organisme d&#039;inspection et formation professionnelle\",\"isPartOf\":{\"@id\":\"https:\/\/cde-cf.fr\/#website\"},\"datePublished\":\"2023-03-22T14:45:47+00:00\",\"dateModified\":\"2023-04-15T15:55:50+00:00\",\"breadcrumb\":{\"@id\":\"https:\/\/cde-cf.fr\/?page_id=3#breadcrumb\"},\"inLanguage\":\"fr-FR\",\"potentialAction\":[{\"@type\":\"ReadAction\",\"target\":[\"https:\/\/cde-cf.fr\/?page_id=3\"]}]},{\"@type\":\"BreadcrumbList\",\"@id\":\"https:\/\/cde-cf.fr\/?page_id=3#breadcrumb\",\"itemListElement\":[{\"@type\":\"ListItem\",\"position\":1,\"name\":\"Accueil\",\"item\":\"https:\/\/cde-cf.fr\/\"},{\"@type\":\"ListItem\",\"position\":2,\"name\":\"Politique de confidentialit\u00e9\"}]},{\"@type\":\"WebSite\",\"@id\":\"https:\/\/cde-cf.fr\/#website\",\"url\":\"https:\/\/cde-cf.fr\/\",\"name\":\"Organisme d'inspection et formation professionnelle\",\"description\":\"La s\u00e9curit\u00e9 au c\u0153ur de notre m\u00e9tier !\",\"publisher\":{\"@id\":\"https:\/\/cde-cf.fr\/#organization\"},\"potentialAction\":[{\"@type\":\"SearchAction\",\"target\":{\"@type\":\"EntryPoint\",\"urlTemplate\":\"https:\/\/cde-cf.fr\/?s={search_term_string}\"},\"query-input\":\"required name=search_term_string\"}],\"inLanguage\":\"fr-FR\"},{\"@type\":\"Organization\",\"@id\":\"https:\/\/cde-cf.fr\/#organization\",\"name\":\"CDE - Cabinet des Epris\",\"url\":\"https:\/\/cde-cf.fr\/\",\"logo\":{\"@type\":\"ImageObject\",\"inLanguage\":\"fr-FR\",\"@id\":\"https:\/\/cde-cf.fr\/#\/schema\/logo\/image\/\",\"url\":\"https:\/\/cde-cf.fr\/wp-content\/uploads\/2023\/03\/Image3-scaled.gif\",\"contentUrl\":\"https:\/\/cde-cf.fr\/wp-content\/uploads\/2023\/03\/Image3-scaled.gif\",\"width\":2560,\"height\":913,\"caption\":\"CDE - Cabinet des Epris\"},\"image\":{\"@id\":\"https:\/\/cde-cf.fr\/#\/schema\/logo\/image\/\"}}]}<\/script>\n<!-- \/ Yoast SEO plugin. -->","yoast_head_json":{"title":"Politique de confidentialit\u00e9 - Organisme d&#039;inspection et formation professionnelle","robots":{"index":"index","follow":"follow","max-snippet":"max-snippet:-1","max-image-preview":"max-image-preview:large","max-video-preview":"max-video-preview:-1"},"canonical":"https:\/\/cde-cf.fr\/?page_id=3","og_locale":"fr_FR","og_type":"article","og_title":"Politique de confidentialit\u00e9 - Organisme d&#039;inspection et formation professionnelle","og_description":"Qui sommes nous&nbsp;? L\u2019adresse de notre site est&nbsp;: https:\/\/cde-cf.fr N\u00b0 SIRET : 79748369000021 Soci\u00e9t\u00e9 d&rsquo;exploitation du site internet : SAS CDE &#8211; 22 Rue Nationale 89360 FLOGNY LA CHAPELLE Repr\u00e9sentant de la soci\u00e9t\u00e9 : BACHOTET S\u00e9bastien &#8211; Pr\u00e9sident Cookies Si vous vous rendez sur la page de connexion, (r\u00e9serv\u00e9e aux clients CDE sous contrat avec [&hellip;]","og_url":"https:\/\/cde-cf.fr\/?page_id=3","og_site_name":"Organisme d&#039;inspection et formation professionnelle","article_modified_time":"2023-04-15T15:55:50+00:00","twitter_card":"summary_large_image","twitter_misc":{"Dur\u00e9e de lecture estim\u00e9e":"3 minutes"},"schema":{"@context":"https:\/\/schema.org","@graph":[{"@type":"WebPage","@id":"https:\/\/cde-cf.fr\/?page_id=3","url":"https:\/\/cde-cf.fr\/?page_id=3","name":"Politique de confidentialit\u00e9 - Organisme d&#039;inspection et formation professionnelle","isPartOf":{"@id":"https:\/\/cde-cf.fr\/#website"},"datePublished":"2023-03-22T14:45:47+00:00","dateModified":"2023-04-15T15:55:50+00:00","breadcrumb":{"@id":"https:\/\/cde-cf.fr\/?page_id=3#breadcrumb"},"inLanguage":"fr-FR","potentialAction":[{"@type":"ReadAction","target":["https:\/\/cde-cf.fr\/?page_id=3"]}]},{"@type":"BreadcrumbList","@id":"https:\/\/cde-cf.fr\/?page_id=3#breadcrumb","itemListElement":[{"@type":"ListItem","position":1,"name":"Accueil","item":"https:\/\/cde-cf.fr\/"},{"@type":"ListItem","position":2,"name":"Politique de confidentialit\u00e9"}]},{"@type":"WebSite","@id":"https:\/\/cde-cf.fr\/#website","url":"https:\/\/cde-cf.fr\/","name":"Organisme d'inspection et formation professionnelle","description":"La s\u00e9curit\u00e9 au c\u0153ur de notre m\u00e9tier !","publisher":{"@id":"https:\/\/cde-cf.fr\/#organization"},"potentialAction":[{"@type":"SearchAction","target":{"@type":"EntryPoint","urlTemplate":"https:\/\/cde-cf.fr\/?s={search_term_string}"},"query-input":"required name=search_term_string"}],"inLanguage":"fr-FR"},{"@type":"Organization","@id":"https:\/\/cde-cf.fr\/#organization","name":"CDE - Cabinet des Epris","url":"https:\/\/cde-cf.fr\/","logo":{"@type":"ImageObject","inLanguage":"fr-FR","@id":"https:\/\/cde-cf.fr\/#\/schema\/logo\/image\/","url":"https:\/\/cde-cf.fr\/wp-content\/uploads\/2023\/03\/Image3-scaled.gif","contentUrl":"https:\/\/cde-cf.fr\/wp-content\/uploads\/2023\/03\/Image3-scaled.gif","width":2560,"height":913,"caption":"CDE - Cabinet des Epris"},"image":{"@id":"https:\/\/cde-cf.fr\/#\/schema\/logo\/image\/"}}]}},"_links":{"self":[{"href":"https:\/\/cde-cf.fr\/index.php?rest_route=\/wp\/v2\/pages\/3"}],"collection":[{"href":"https:\/\/cde-cf.fr\/index.php?rest_route=\/wp\/v2\/pages"}],"about":[{"href":"https:\/\/cde-cf.fr\/index.php?rest_route=\/wp\/v2\/types\/page"}],"author":[{"embeddable":true,"href":"https:\/\/cde-cf.fr\/index.php?rest_route=\/wp\/v2\/users\/1"}],"replies":[{"embeddable":true,"href":"https:\/\/cde-cf.fr\/index.php?rest_route=%2Fwp%2Fv2%2Fcomments&post=3"}],"version-history":[{"count":14,"href":"https:\/\/cde-cf.fr\/index.php?rest_route=\/wp\/v2\/pages\/3\/revisions"}],"predecessor-version":[{"id":1276,"href":"https:\/\/cde-cf.fr\/index.php?rest_route=\/wp\/v2\/pages\/3\/revisions\/1276"}],"wp:attachment":[{"href":"https:\/\/cde-cf.fr\/index.php?rest_route=%2Fwp%2Fv2%2Fmedia&parent=3"}],"curies":[{"name":"wp","href":"https:\/\/api.w.org\/{rel}","templated":true}]}}