{"id":250,"date":"2023-03-25T10:06:58","date_gmt":"2023-03-25T09:06:58","guid":{"rendered":"https:\/\/192.168.1.141\/wordpress\/?page_id=250"},"modified":"2023-04-15T17:54:54","modified_gmt":"2023-04-15T15:54:54","slug":"demarche-qualite","status":"publish","type":"page","link":"https:\/\/cde-cf.fr\/?page_id=250","title":{"rendered":"D\u00e9marche Qualit\u00e9"},"content":{"rendered":"\n<div style=\"height:500px\" aria-hidden=\"true\" class=\"wp-block-spacer\"><\/div>\n\n\n\n<h1 class=\"wp-block-heading has-vivid-cyan-blue-color has-text-color has-large-font-size\">Nos engagements<\/h1>\n\n\n\n<div class=\"wp-block-columns is-layout-flex wp-container-3\">\n<div class=\"wp-block-column is-vertically-aligned-center is-layout-flow\" style=\"flex-basis:66.66%\">\n<p>L&rsquo;objectif principal de CDE est la satisfaction de ses clients. <\/p>\n\n\n\n<p>Notre d\u00e9marche qualit\u00e9 constitue une dynamique de progression pour tous les processus mis en \u0153uvre par CDE. <\/p>\n\n\n\n<p>Nos accr\u00e9ditations, agr\u00e9ments et certifications sont le reflet de notre engagement \u00e0 livrer des prestations de service reconnues.<\/p>\n\n\n\n<p>Ces engagements ont pour but de ma\u00eetriser, assurer, planifier et am\u00e9liorer nos services, nos processus, ainsi que nos proc\u00e9d\u00e9s d&rsquo;inspection ou de formation.<\/p>\n\n\n\n<p>Plus largement notre d\u00e9marche qualit\u00e9 permet d&rsquo;am\u00e9liorer les performances de notre organisme et la satisfaction de toutes les parties int\u00e9ress\u00e9es.<\/p>\n<\/div>\n\n\n\n<div class=\"wp-block-column is-vertically-aligned-center is-layout-flow\" style=\"flex-basis:33.33%\"><div class=\"wp-block-image\">\n<figure class=\"alignright size-full\"><img decoding=\"async\" loading=\"lazy\" width=\"300\" height=\"300\" src=\"https:\/\/cde-cf.fr\/wp-content\/uploads\/2023\/03\/Image6.gif\" alt=\"\" class=\"wp-image-130\"\/><\/figure><\/div><\/div>\n<\/div>\n\n\n\n<div style=\"height:100px\" aria-hidden=\"true\" class=\"wp-block-spacer\"><\/div>\n\n\n\n<h2 class=\"wp-block-heading has-vivid-cyan-blue-color has-text-color has-medium-font-size\"><strong>Service inspection<\/strong><\/h2>\n\n\n\n<div class=\"wp-block-columns is-layout-flex wp-container-6\">\n<div class=\"wp-block-column is-layout-flow\" style=\"flex-basis:33.33%\">\n<figure class=\"wp-block-image size-full\"><img decoding=\"async\" loading=\"lazy\" width=\"85\" height=\"139\" src=\"https:\/\/cde-cf.fr\/wp-content\/uploads\/2023\/03\/cofrac.jpg\" alt=\"\" class=\"wp-image-313\"\/><\/figure>\n<\/div>\n\n\n\n<div class=\"wp-block-column is-layout-flow\" style=\"flex-basis:66.66%\">\n<p>Nous sommes un organisme d&rsquo;inspection et bureau de contr\u00f4le accr\u00e9dit\u00e9 par le COFRAC.<\/p>\n\n\n\n<p>Notre accr\u00e9ditation porte sur le domaine des v\u00e9rifications r\u00e9glementaires des installations \u00e9lectriques en application du code du travail et des arr\u00eat\u00e9s d&rsquo;applications.<\/p>\n\n\n\n<p>Accr\u00e9ditation COFRAC n\u00b03-1803, port\u00e9e disponible sur <a rel=\"noreferrer noopener\" href=\"https:\/\/tools.cofrac.fr\/fr\/organismes\/fiche.php?entite_id=31126849\" target=\"_blank\">www.cofrac.fr<\/a><\/p>\n<\/div>\n<\/div>\n\n\n\n<p class=\"has-black-color has-text-color\"><strong>Notre accr\u00e9ditation concerne :<\/strong><\/p>\n\n\n\n<ul>\n<li>Les v\u00e9rifications initiales des installations \u00e9lectriques permanentes limit\u00e9es \u00e0 la basse tension et sur demande de l&rsquo;inspection du travail des installations \u00e9lectriques permanentes ou temporaires limit\u00e9es \u00e0 la basse tension, installations aliment\u00e9es depuis un branchement \u00e0 puissance limit\u00e9e ou un branchement \u00e0 puissance surveill\u00e9e ;<\/li>\n\n\n\n<li>Les v\u00e9rifications p\u00e9riodiques des installations \u00e9lectriques permanentes limit\u00e9es \u00e0 la basse tension et des postes de livraison haute tension, sans modification de structure (v\u00e9rifications r\u00e9alis\u00e9es sur la base des rapports de v\u00e9rification pr\u00e9c\u00e9dents) ;<\/li>\n\n\n\n<li>Les v\u00e9rifications, avant mise en service, des installations \u00e9lectriques temporaires de basse tension, aliment\u00e9es depuis un branchement \u00e0 puissance limit\u00e9e ou un branchement \u00e0 puissance surveill\u00e9e.<\/li>\n<\/ul>\n\n\n\n<div style=\"height:75px\" aria-hidden=\"true\" class=\"wp-block-spacer\"><\/div>\n\n\n\n<div class=\"wp-block-columns is-layout-flex wp-container-9\">\n<div class=\"wp-block-column is-vertically-aligned-center is-layout-flow\" style=\"flex-basis:66.66%\">\n<h3 class=\"wp-block-heading has-vivid-cyan-blue-color has-text-color has-medium-font-size\">Agr\u00e9ment APSAD<\/h3>\n\n\n\n<p>CDE est agr\u00e9\u00e9e par le CNPP sous le num\u00e9ro 210\/18 pour la d\u00e9livrance des certificats Q18 selon les proc\u00e9dures du r\u00e9f\u00e9rentiel APSAD D18.<\/p>\n\n\n\n<p>Port\u00e9e disponible sur <a href=\"https:\/\/www.cnpp.com\/certificationsite\/searchcertification?type=services&amp;reg1=Domaine&amp;reg2=all&amp;reg3=all&amp;reg4=all&amp;reg5=all&amp;privated=0&amp;allTextHidden=Tout&amp;name=&amp;nomCertifReg1=all\">c<\/a><a rel=\"noreferrer noopener\" href=\"https:\/\/www.cnpp.com\/certificationsite\/searchcertification?type=services&amp;reg1=Domaine&amp;reg2=all&amp;reg3=all&amp;reg4=all&amp;reg5=all&amp;privated=0&amp;allTextHidden=Tout&amp;name=&amp;nomCertifReg1=all\" target=\"_blank\">npp.com<\/a><\/p>\n\n\n\n<p>Nos techniciens en thermographie infrarouge sont attest\u00e9s comp\u00e9tents par le CNPP pour la d\u00e9livrance des certificats Q19 selon les proc\u00e9dures du r\u00e9f\u00e9rentiel APSAD D19.<\/p>\n<\/div>\n\n\n\n<div class=\"wp-block-column is-vertically-aligned-center is-layout-flow\" style=\"flex-basis:33.33%\"><div class=\"wp-block-image\">\n<figure class=\"alignright size-medium\"><img decoding=\"async\" loading=\"lazy\" width=\"300\" height=\"87\" src=\"https:\/\/cde-cf.fr\/wp-content\/uploads\/2023\/03\/apsad-300x87.jpg\" alt=\"\" class=\"wp-image-348\" srcset=\"https:\/\/cde-cf.fr\/wp-content\/uploads\/2023\/03\/apsad-300x87.jpg 300w, https:\/\/cde-cf.fr\/wp-content\/uploads\/2023\/03\/apsad-1024x297.jpg 1024w, https:\/\/cde-cf.fr\/wp-content\/uploads\/2023\/03\/apsad-768x223.jpg 768w, https:\/\/cde-cf.fr\/wp-content\/uploads\/2023\/03\/apsad.jpg 1341w\" sizes=\"(max-width: 300px) 100vw, 300px\" \/><\/figure><\/div><\/div>\n<\/div>\n\n\n\n<div style=\"height:100px\" aria-hidden=\"true\" class=\"wp-block-spacer\"><\/div>\n\n\n\n<h4 class=\"wp-block-heading has-vivid-cyan-blue-color has-text-color has-medium-font-size\"><strong>Service formation<\/strong><\/h4>\n\n\n\n<div class=\"wp-block-columns is-layout-flex wp-container-12\">\n<div class=\"wp-block-column is-vertically-aligned-center is-layout-flow\" style=\"flex-basis:33.33%\">\n<figure class=\"wp-block-image size-medium\"><img decoding=\"async\" loading=\"lazy\" width=\"300\" height=\"160\" src=\"https:\/\/cde-cf.fr\/wp-content\/uploads\/2023\/03\/LogoQualiopi-300dpi-Avec-Marianne-300x160.webp\" alt=\"\" class=\"wp-image-139\" srcset=\"https:\/\/cde-cf.fr\/wp-content\/uploads\/2023\/03\/LogoQualiopi-300dpi-Avec-Marianne-300x160.webp 300w, https:\/\/cde-cf.fr\/wp-content\/uploads\/2023\/03\/LogoQualiopi-300dpi-Avec-Marianne.webp 634w\" sizes=\"(max-width: 300px) 100vw, 300px\" \/><\/figure>\n<\/div>\n\n\n\n<div class=\"wp-block-column is-vertically-aligned-center is-layout-flow\" style=\"flex-basis:66.66%\">\n<p>CDE organisme de formation enregistr\u00e9 sous le n\u00b026890122089 par le Pr\u00e9fet de la R\u00e9gion de l&rsquo;Yonne.<\/p>\n\n\n\n<p>Nous sommes certifi\u00e9s Qualiopi<\/p>\n<\/div>\n<\/div>\n\n\n\n<div class=\"wp-block-columns is-layout-flex wp-container-15\">\n<div class=\"wp-block-column is-vertically-aligned-center is-layout-flow\" style=\"flex-basis:66.66%\">\n<p>Afin de maintenir et d&rsquo;am\u00e9liorer en continue nos proc\u00e9dures qualit\u00e9 pour le service formation, nous avons choisis SGS Qualicert pour l&rsquo;\u00e9valuation de notre syst\u00e8me qualit\u00e9. <\/p>\n\n\n\n<p>Cette certification est la garantie que nous fournissons les meilleurs prestations et les bonnes pratiques \u00e0 tous nos clients.<\/p>\n<\/div>\n\n\n\n<div class=\"wp-block-column is-layout-flow\" style=\"flex-basis:33.33%\"><div class=\"wp-block-image\">\n<figure class=\"alignright size-thumbnail\"><img decoding=\"async\" loading=\"lazy\" width=\"150\" height=\"150\" src=\"https:\/\/cde-cf.fr\/wp-content\/uploads\/2023\/04\/sgs-150x150.jpg\" alt=\"\" class=\"wp-image-1125\"\/><\/figure><\/div><\/div>\n<\/div>\n","protected":false},"excerpt":{"rendered":"<p>Nos engagements L&rsquo;objectif principal de CDE est la satisfaction de ses clients. Notre d\u00e9marche qualit\u00e9 constitue une dynamique de progression pour tous les processus mis en \u0153uvre par CDE. Nos accr\u00e9ditations, agr\u00e9ments et certifications sont le reflet de notre engagement \u00e0 livrer des prestations de service reconnues. Ces engagements ont pour but de ma\u00eetriser, assurer, [&hellip;]<\/p>\n","protected":false},"author":1,"featured_media":0,"parent":0,"menu_order":3,"comment_status":"closed","ping_status":"closed","template":"","meta":[],"yoast_head":"<!-- This site is optimized with the Yoast SEO plugin v20.6 - https:\/\/yoast.com\/wordpress\/plugins\/seo\/ -->\n<title>- Organisme d&#039;inspection et formation professionnelle<\/title>\n<meta name=\"description\" content=\"Notre engament par la d\u00e9marche qualit\u00e9 est le choix de CDE pour fournir des livrables conformes aux attentes de nos clients.\" \/>\n<meta name=\"robots\" content=\"index, follow, max-snippet:-1, max-image-preview:large, max-video-preview:-1\" \/>\n<link rel=\"canonical\" href=\"https:\/\/cde-cf.fr\/?page_id=250\" \/>\n<meta property=\"og:locale\" content=\"fr_FR\" \/>\n<meta property=\"og:type\" content=\"article\" \/>\n<meta property=\"og:title\" content=\"- Organisme d&#039;inspection et formation professionnelle\" \/>\n<meta property=\"og:description\" content=\"Notre engament par la d\u00e9marche qualit\u00e9 est le choix de CDE pour fournir des livrables conformes aux attentes de nos clients.\" \/>\n<meta property=\"og:url\" content=\"https:\/\/cde-cf.fr\/?page_id=250\" \/>\n<meta property=\"og:site_name\" content=\"Organisme d&#039;inspection et formation professionnelle\" \/>\n<meta property=\"article:modified_time\" content=\"2023-04-15T15:54:54+00:00\" \/>\n<meta property=\"og:image\" content=\"https:\/\/cde-cf.fr\/wp-content\/uploads\/2023\/03\/Image6.gif\" \/>\n<meta name=\"twitter:card\" content=\"summary_large_image\" \/>\n<meta name=\"twitter:label1\" content=\"Dur\u00e9e de lecture estim\u00e9e\" \/>\n\t<meta name=\"twitter:data1\" content=\"3 minutes\" \/>\n<script type=\"application\/ld+json\" class=\"yoast-schema-graph\">{\"@context\":\"https:\/\/schema.org\",\"@graph\":[{\"@type\":\"WebPage\",\"@id\":\"https:\/\/cde-cf.fr\/?page_id=250\",\"url\":\"https:\/\/cde-cf.fr\/?page_id=250\",\"name\":\"- Organisme d&#039;inspection et formation professionnelle\",\"isPartOf\":{\"@id\":\"https:\/\/cde-cf.fr\/#website\"},\"datePublished\":\"2023-03-25T09:06:58+00:00\",\"dateModified\":\"2023-04-15T15:54:54+00:00\",\"description\":\"Notre engament par la d\u00e9marche qualit\u00e9 est le choix de CDE pour fournir des livrables conformes aux attentes de nos clients.\",\"breadcrumb\":{\"@id\":\"https:\/\/cde-cf.fr\/?page_id=250#breadcrumb\"},\"inLanguage\":\"fr-FR\",\"potentialAction\":[{\"@type\":\"ReadAction\",\"target\":[\"https:\/\/cde-cf.fr\/?page_id=250\"]}]},{\"@type\":\"BreadcrumbList\",\"@id\":\"https:\/\/cde-cf.fr\/?page_id=250#breadcrumb\",\"itemListElement\":[{\"@type\":\"ListItem\",\"position\":1,\"name\":\"Accueil\",\"item\":\"https:\/\/cde-cf.fr\/\"},{\"@type\":\"ListItem\",\"position\":2,\"name\":\"D\u00e9marche Qualit\u00e9\"}]},{\"@type\":\"WebSite\",\"@id\":\"https:\/\/cde-cf.fr\/#website\",\"url\":\"https:\/\/cde-cf.fr\/\",\"name\":\"Organisme d'inspection et formation professionnelle\",\"description\":\"La s\u00e9curit\u00e9 au c\u0153ur de notre m\u00e9tier !\",\"publisher\":{\"@id\":\"https:\/\/cde-cf.fr\/#organization\"},\"potentialAction\":[{\"@type\":\"SearchAction\",\"target\":{\"@type\":\"EntryPoint\",\"urlTemplate\":\"https:\/\/cde-cf.fr\/?s={search_term_string}\"},\"query-input\":\"required name=search_term_string\"}],\"inLanguage\":\"fr-FR\"},{\"@type\":\"Organization\",\"@id\":\"https:\/\/cde-cf.fr\/#organization\",\"name\":\"CDE - Cabinet des Epris\",\"url\":\"https:\/\/cde-cf.fr\/\",\"logo\":{\"@type\":\"ImageObject\",\"inLanguage\":\"fr-FR\",\"@id\":\"https:\/\/cde-cf.fr\/#\/schema\/logo\/image\/\",\"url\":\"https:\/\/cde-cf.fr\/wp-content\/uploads\/2023\/03\/Image3-scaled.gif\",\"contentUrl\":\"https:\/\/cde-cf.fr\/wp-content\/uploads\/2023\/03\/Image3-scaled.gif\",\"width\":2560,\"height\":913,\"caption\":\"CDE - Cabinet des Epris\"},\"image\":{\"@id\":\"https:\/\/cde-cf.fr\/#\/schema\/logo\/image\/\"}}]}<\/script>\n<!-- \/ Yoast SEO plugin. -->","yoast_head_json":{"title":"- Organisme d&#039;inspection et formation professionnelle","description":"Notre engament par la d\u00e9marche qualit\u00e9 est le choix de CDE pour fournir des livrables conformes aux attentes de nos clients.","robots":{"index":"index","follow":"follow","max-snippet":"max-snippet:-1","max-image-preview":"max-image-preview:large","max-video-preview":"max-video-preview:-1"},"canonical":"https:\/\/cde-cf.fr\/?page_id=250","og_locale":"fr_FR","og_type":"article","og_title":"- Organisme d&#039;inspection et formation professionnelle","og_description":"Notre engament par la d\u00e9marche qualit\u00e9 est le choix de CDE pour fournir des livrables conformes aux attentes de nos clients.","og_url":"https:\/\/cde-cf.fr\/?page_id=250","og_site_name":"Organisme d&#039;inspection et formation professionnelle","article_modified_time":"2023-04-15T15:54:54+00:00","og_image":[{"url":"https:\/\/cde-cf.fr\/wp-content\/uploads\/2023\/03\/Image6.gif"}],"twitter_card":"summary_large_image","twitter_misc":{"Dur\u00e9e de lecture estim\u00e9e":"3 minutes"},"schema":{"@context":"https:\/\/schema.org","@graph":[{"@type":"WebPage","@id":"https:\/\/cde-cf.fr\/?page_id=250","url":"https:\/\/cde-cf.fr\/?page_id=250","name":"- Organisme d&#039;inspection et formation professionnelle","isPartOf":{"@id":"https:\/\/cde-cf.fr\/#website"},"datePublished":"2023-03-25T09:06:58+00:00","dateModified":"2023-04-15T15:54:54+00:00","description":"Notre engament par la d\u00e9marche qualit\u00e9 est le choix de CDE pour fournir des livrables conformes aux attentes de nos clients.","breadcrumb":{"@id":"https:\/\/cde-cf.fr\/?page_id=250#breadcrumb"},"inLanguage":"fr-FR","potentialAction":[{"@type":"ReadAction","target":["https:\/\/cde-cf.fr\/?page_id=250"]}]},{"@type":"BreadcrumbList","@id":"https:\/\/cde-cf.fr\/?page_id=250#breadcrumb","itemListElement":[{"@type":"ListItem","position":1,"name":"Accueil","item":"https:\/\/cde-cf.fr\/"},{"@type":"ListItem","position":2,"name":"D\u00e9marche Qualit\u00e9"}]},{"@type":"WebSite","@id":"https:\/\/cde-cf.fr\/#website","url":"https:\/\/cde-cf.fr\/","name":"Organisme d'inspection et formation professionnelle","description":"La s\u00e9curit\u00e9 au c\u0153ur de notre m\u00e9tier !","publisher":{"@id":"https:\/\/cde-cf.fr\/#organization"},"potentialAction":[{"@type":"SearchAction","target":{"@type":"EntryPoint","urlTemplate":"https:\/\/cde-cf.fr\/?s={search_term_string}"},"query-input":"required name=search_term_string"}],"inLanguage":"fr-FR"},{"@type":"Organization","@id":"https:\/\/cde-cf.fr\/#organization","name":"CDE - Cabinet des Epris","url":"https:\/\/cde-cf.fr\/","logo":{"@type":"ImageObject","inLanguage":"fr-FR","@id":"https:\/\/cde-cf.fr\/#\/schema\/logo\/image\/","url":"https:\/\/cde-cf.fr\/wp-content\/uploads\/2023\/03\/Image3-scaled.gif","contentUrl":"https:\/\/cde-cf.fr\/wp-content\/uploads\/2023\/03\/Image3-scaled.gif","width":2560,"height":913,"caption":"CDE - Cabinet des Epris"},"image":{"@id":"https:\/\/cde-cf.fr\/#\/schema\/logo\/image\/"}}]}},"_links":{"self":[{"href":"https:\/\/cde-cf.fr\/index.php?rest_route=\/wp\/v2\/pages\/250"}],"collection":[{"href":"https:\/\/cde-cf.fr\/index.php?rest_route=\/wp\/v2\/pages"}],"about":[{"href":"https:\/\/cde-cf.fr\/index.php?rest_route=\/wp\/v2\/types\/page"}],"author":[{"embeddable":true,"href":"https:\/\/cde-cf.fr\/index.php?rest_route=\/wp\/v2\/users\/1"}],"replies":[{"embeddable":true,"href":"https:\/\/cde-cf.fr\/index.php?rest_route=%2Fwp%2Fv2%2Fcomments&post=250"}],"version-history":[{"count":30,"href":"https:\/\/cde-cf.fr\/index.php?rest_route=\/wp\/v2\/pages\/250\/revisions"}],"predecessor-version":[{"id":1274,"href":"https:\/\/cde-cf.fr\/index.php?rest_route=\/wp\/v2\/pages\/250\/revisions\/1274"}],"wp:attachment":[{"href":"https:\/\/cde-cf.fr\/index.php?rest_route=%2Fwp%2Fv2%2Fmedia&parent=250"}],"curies":[{"name":"wp","href":"https:\/\/api.w.org\/{rel}","templated":true}]}}